
3
What is the ten millions digit of 91621774?
9
What is the ten millions digit of 24450408?
2
What is the hundred millions digit of 3248280658?
2
What is the ten thousands digit of 19569016?
6
What is the units digit of 634593644?
4
What is the hundred thousands digit of 486850255?
8
What is the ten millions digit of 56087809?
5
What is the hundred thousands digit of 819811615?
8
What is the tens digit of 1348698679?
7
What is the hundred millions digit of 258837910?
2
What is the ten millions digit of 912405862?
1
What is the thousands digit of 57951246?
1
What is the hundreds digit of 402313382?
3
What is the millions digit of 63041981?
3
What is the tens digit of 139675689?
8
What is the hundred thousands digit of 15986168?
9
What is the units digit of 1070439477?
7
What is the thousands digit of 606155394?
5
What is the hundred thousands digit of 57937903?
9
What is the billions digit of 4088062983?
4
What is the ten thousands digit of 236425765?
2
What is the hundreds digit of 195237793?
7
What is the tens digit of 223287272?
7
What is the ten millions digit of 1435728641?
3
What is the hundreds digit of 335997102?
1
What is the thousands digit of 558376309?
6
What is the ten thousands digit of 1071373353?
7
What is the ten millions digit of 42425745?
4
What is the ten thousands digit of 997515056?
1
What is the hundreds digit of 3627041685?
6
What is the hundred millions digit of 212634282?
2
What is the ten thousands digit of 7896494?
9
What is the hundreds digit of 2421142187?
1
What is the hundreds digit of 2624000011?
0
What is the ten millions digit of 74319995?
7
What is the hundred thousands digit of 342766253?
7
What is the ten thousands digit of 2306619464?
1
What is the ten millions digit of 5223741629?
2
What is the millions digit of 4638550?
4
What is the ten millions digit of 93128245?
9
What is the hundred thousands digit of 107156399?
1
What is the tens digit of 3090798?
9
What is the hundred millions digit of 3978844810?
9
What is the ten thousands digit of 160980474?
8
What is the hundred millions digit of 3718469545?
7
What is the hundred millions digit of 833751974?
8
What is the thousands digit of 94261965?
1
What is the hundred thousands digit of 9813096?
8
What is the ten millions digit of 24624250?
2
What is the units digit of 22963206?
6
What is the hundred thousands digit of 478696817?
6
What is the hundred millions digit of 1490818075?
4
What is the millions digit of 36333244?
6
What is the ten millions digit of 559772230?
5
What is the thousands digit of 914284734?
4
What is the hundreds digit of 46737421?
4
What is the hundred thousands digit of 383427028?
4
What is the hundreds digit of 169187170?
1
What is the tens digit of 678594308?
0
What is the units digit of 82595280?
0
What is the thousands digit of 107627661?
7
What is the ten millions digit of 2780116545?
8
What is the hundreds digit of 890664437?
4
What is the millions digit of 122495554?
2
What is the thousands digit of 29579909?
9
What is the thousands digit of 49140002?
0
What is the thousands digit of 4032686489?
6
What is the hundreds digit of 4512248909?
9
What is the hundreds digit of 24423011?
0
What is the thousands digit of 9538244?
8
What is the millions digit of 2067955550?
7
What is the units digit of 697539836?
6
What is the hundred thousands digit of 225903021?
9
What is the tens digit of 137389214?
1
What is the ten thousands digit of 130418527?
1
What is the thousands digit of 96464247?
4
What is the tens digit of 77201331?
3
What is the hundred thousands digit of 105951395?
9
What is the units digit of 396604406?
6
What is the units digit of 170373422?
2
What is the millions digit of 670297221?
0
What is the tens digit of 29648673?
7
What is the millions digit of 1024080732?
4
What is the ten thousands digit of 35458152?
5
What is the ten millions digit of 289863460?
8
What is the hundred thousands digit of 121442465?
4
What is the ten thousands digit of 864558693?
5
What is the units digit of 910475017?
7
What is the thousands digit of 346356731?
6
What is the units digit of 752446545?
5
What is the millions digit of 2639983286?
9
What is the hundred millions digit of 222285236?
2
What is the hundreds digit of 679608567?
5
What is the thousands digit of 4535374293?
4
What is the hundred millions digit of 2757182549?
7
What is the hundreds digit of 113114254?
2
What is the hundred thousands digit of 1444997487?
9
What is the hundreds digit of 17524162?
1
What is the thousands digit of 997534685?
4
What is the thousands digit of 166527599?
7
What is the hundred thousands digit of 808761315?
7
What is the hundreds digit of 804703974?
9
What is the thousands digit of 54351323?
1
What is the millions digit of 46447557?
6
What is the hundred millions digit of 210719074?
2
What is the hundred thousands digit of 1003170740?
1
What is the billions digit of 2747355231?
2
What is the units digit of 518326741?
1
What is the ten millions digit of 655144597?
5
What is the millions digit of 16292430?
6
What is the millions digit of 46492564?
6
What is the millions digit of 1054972450?
4
What is the tens digit of 258020541?
4
What is the ten millions digit of 2589874540?
8
What is the hundreds digit of 332598406?
4
What is the ten millions digit of 32187718?
3
What is the ten thousands digit of 162317774?
1
What is the millions digit of 4386465637?
6
What is the hundreds digit of 104187094?
0
What is the millions digit of 39013664?
9
What is the hundred thousands digit of 68629413?
6
What is the ten thousands digit of 197865647?
6
What is the hundreds digit of 623831090?
0
What is the millions digit of 64484239?
4
What is the billions digit of 2756482529?
2
What is the millions digit of 1475168478?
5
What is the tens digit of 1068604912?
1
What is the millions digit of 2826804520?
6
What is the hundred millions digit of 951176941?
9
What is the hundreds digit of 49460374?
3
What is the tens digit of 25840152?
5
What is the hundred millions digit of 639913433?
6
What is the ten thousands digit of 719242764?
4
What is the millions digit of 544766714?
4
What is the hundred millions digit of 124907869?
1
What is the billions digit of 1004765561?
1
What is the thousands digit of 286830640?
0
What is the tens digit of 7711353791?
9
What is the tens digit of 22377252?
5
What is the ten millions digit of 1919616173?
1
What is the hundreds digit of 2758931427?
4
What is the hundreds digit of 30456926?
9
What is the ten thousands digit of 77752742?
5
What is the units digit of 833487187?
7
What is the hundred thousands digit of 1005786547?
7
What is the hundred millions digit of 613379563?
6
What is the ten millions digit of 189012705?
8
What is the hundred thousands digit of 178812504?
8
What is the hundreds digit of 4895989617?
6
What is the units digit of 313727025?
5
What is the units digit of 60631338?
8
What is the millions digit of 290740805?
0
What is the hundred millions digit of 350235759?
3
What is the ten thousands digit of 2604569475?
6
What is the hundred thousands digit of 33002008?
0
What is the units digit of 1192030322?
2
What is the units digit of 3134488066?
6
What is the ten thousands digit of 444283460?
8
What is the tens digit of 1158927584?
8
What is the hundreds digit of 1355413818?
8
What is the units digit of 54720986?
6
What is the units digit of 18682194?
4
What is the millions digit of 38114565?
8
What is the tens digit of 52966642?
4
What is the thousands digit of 840277513?
7
What is the hundreds digit of 1819311222?
2
What is the hundreds digit of 925499090?
0
What is the hundred millions digit of 183529480?
1
What is the hundred millions digit of 4335900917?
3
What is the millions digit of 99355657?
9
What is the thousands digit of 142027652?
7
What is the ten millions digit of 15930372?
1
What is the thousands digit of 43052413?
2
What is the ten millions digit of 60507135?
6
What is the ten thousands digit of 6102455?
0
What is the hundred millions digit of 464302615?
4
What is the thousands digit of 2874132025?
2
What is the hundred millions digit of 221114790?
2
What is the tens digit of 202964?
6
What is the units digit of 686759827?
7
What is the billions digit of 1760620066?
1
What is the thousands digit of 11